) + -6 + 10
-36
Evaluate 68 + -5 + -17 + (0 - -18) - (5 + -7).
66
What is the value of 296 - 285 - (-1 + 2 + 42)?
-32
What is 5 + (-13 - ((8 - 12) + -6)) + 2?
4
What is the value of 6368 + -6368 + (2 - -54)?
56
(-88 + 71 - 45) + 10
-52
What is the value of 10 + 1 + (-18 - (4 - 4)) - -20?
13
8 + -1 - (-9 - -61) - 19
-64
What is (139 - 134) + 7 + -14?
-2
What is the value of -2 - (12 - 2 - (6 + -3 - (16 + -10)))?
-15
Evaluate (-134 - -112 - (-1 - 4)) + 14.
-3
Evaluate -96 - -14 - (192 + -332).
58
What is 100 - -4 - (41 + 36 + -43 + -25)?
95
Evaluate 3 - 13 - (-8 + (22 - 10)) - -38.
24
What is the value of 84 + -88 + (-7 - -6 - -8)?
3
Evaluate (67 - 101 - 53) + (1 - 3).
-89
What is -57 - -2 - (3 + 10 + -26)?
-42
What is the value of -17 - (-38 - -14) - (3 + 1) - 24?
-21
Evaluate -99 - (-320 + 378 - (30 + -1)).
-128
What is 20 + -23 - (1 + 0 + -5 + 2) - -70?
69
What is 2 - (-18 + (9 - (-1 + 13)))?
23
Calculate 1 + 11 + -16 + 42 - -21.
59
-10 + (99 - 7) - (315 - 297)
64
Calculate 12 + 4 + (-14 - -62) + -11.
53
What is the value of -174 - (-164 - (-23 - 97))?
-130
-3 + (-3 - -2) + 8 + -133 + (20 - 3)
-112
Calculate (1 - 1 - (-26 + 21)) + (1 - (28 - -16)).
-38
Calculate -38 + (83 - 67) + -34.
-56
-53 + (-25 - (29 - 69))
-38
Evaluate 21 - ((9 - -13 - 53) + 10).
42
What is (6 - 20) + 100 + -87 + (0 + 2 - 87)?
-86
Calculate (-5 + 23 - (-46 + 68)) + (-10 - (1 + 4)).
-19
Evaluate 5 - -42 - (708 - 654).
-7
What is the value of -170 - (-131 - (88 - 104))?
-55
What is the value of 35 + -23 + 3 + -38 + -77?
-100
Evaluate 30 - 25 - (0 + -12) - 74.
-57
What is -71 - (-143 - (-168 - -69))?
-27
Evaluate (-8 + -13 - -5) + (19 - (25 + -4)).
-18
37 + (-97 - -63) + 20
23
What is -12 + (21 - 70 - -114) + 1 + 1?
55
What is the value of 44 + (20 - (25 - (-14 - -18)))?
43
What is the value of (-35 - (-33 + 21 + -9)) + 9?
-5
What is (12 - 5 - (-19 + 104 + -12)) + -1 + 7?
-60
-47 - (119 + -90 + 0)
-76
What is 6 + 1 + 6 + -14 + 6 - (-9 - -7)?
7
1 + -82 - (889 + -1051)
81
What is -168 + (234 - 77 - 71)?
-82
What is the value of (8 + 6 - 18) + (0 - -40)?
36
Calculate -153 + 140 + -55 + (6 - 1).
-63
Evaluate -27 - (34 + (0 - -40)) - 34.
-135
Calculate (-1 + -31 + 10 + 3 + 2 - -12) + 49.
44
What is the value of -1 + 5 + (-16 + 33 - 79)?
-58
Calculate 37 + 56 + -43 + 2.
52
What is the value of (-73 + 7 - 34) + 176?
76
Evaluate 5 - (0 + -6 + (7 - 4) + 60 + -58).
6
What is the value of -4 + (6 - (-54 + 33 + -19 - 9))?
51
Evaluate -2 + -1 + (-30 + 12 - -29) - (-34 + 1).
41
Evaluate 16 - (67 + -12) - (-27 - -15 - (-10 + 3)).
-34
Calculate -1 + 31 + 872 + -934 - -107.
75
Evaluate (2 - -11) + (-222 - -247) - (-9 + 4 - -5).
38
(4 - (16 + 0)) + (59 - 29 - 6) - -74
86
What is -52 + 46 - (-7 - (1 + -1) - (1 + -97))?
-95
Calculate 100 - 0 - (1728 + -1707).
79
-24 - (5 - -4) - (2 + (12 - 22))
-25
12 - -6 - (-56 - -68 - (88 + -1))
93
Evaluate 135 + (145 - 143) - 19.
118
What is the value of 145 + -175 - (17 + -79)?
32
What is the value of (-5 - -4) + (20 - 109 - -26)?
-64
Evaluate 98 + ((-5 - -2) + -30 - (75 + -90)).
80
Evaluate 135 + 5 + -107 - (10 + -12 + 1 + 1).
33
Evaluate 9 + -8668 + 8532 + (18 + 0 - -1).
-108
-20 + (2 - 1) + 15 + -24 + 19
-9
Evaluate -22 + (7 - (33 + -10)).
-38
Calculate 41 - (179 + -193 - (1 + -3)).
53
Calculate (-36 - (-31 - (-22 + 26))) + -14.
-15
-25 + 0 + 33 + -22 - (-1 + -13)
0
What is the value of 139 - 120 - (-7 + 3 - -61)?
-38
-37 + -25 + (-35 - -36) + -26
-87
What is -24 - (-94 + (-30 - -89))?
11
What is -19 + -54 + (15 - -28)?
-30
(-65 + -4 - (2 - -13)) + (9 - 17)
-92
What is (-1 - 2) + (64 - -84) + -154?
-9
Evaluate -74 + 37 + (126 - (14 + 0)).
75
What is -14 + 9 + (-22 - -57 - 129)?
-99
What is 26 - 2 - ((-57 - -167) + -40)?
-46
Calculate 34 - (-87 - ((-37 - 39) + 37)).
82
What is the value of 136 - (365 + -257 + 131)?
-103
Calculate -44 - (20 + 3 - (-5 + 21)).
-51
35 + -2 + 3 - (-12 + 14 + (8 - 14))
40
What is -7 + -1 + -3 + 1 + 0 + -1451 + 1532?
71
Calculate 8 + 23 + (-3 + 2 - (-19 + 26)).
23
Calculate 66 + -77 - (11 + 1) - -21.
-2
-40 + -22 + 106 + -40
4
What is the value of 53 + -28 + (-13 - -21) + 17?
50
What is 48 + 49 + -64 + -46 + -68 + 0?
-81
Evaluate -17 + 17 + (-6 + 6 - 1).
-1
Calculate 41 + (-74 - -113 - 38).
42
Evaluate (-58 - -16 - -67) + 23.
48
Calculate (-775 - -953) + 4 + -131.
51
(15 - (17 - -1)) + 11 - -4
12
What is (-16 - (-15 - -15)) + (11 - 1) - (1 + 54)?
-61
(0 - -2) + (-13 + 2 + -6 - (-462 + 445))
2
What is the value of 10 + (1 - 7) - ((-34 - -65) + -12)?
-15
Evaluate -24 + 15 + (-7 - 18) - -7.
-27
What is the value of -12286 + 12290 - ((-72 - -1) + 3 + 3 + -3)?
72
Evaluate 7 - (-8 - -9) - -8 - 34.
-20
Calculate -48 + 4 + 57 + -3 + 1 + 3 + 4.
18
What is the value of (0 - -11) + (-61 - 21) + -16 + 14?
-73
-12190 + 12114 - (-18 - -1)
-59
What is the value of -183 + 83 - (34 + -191)?
57
Evaluate -1 - ((-26 + 27 - -20) + (1 - -1)).
-24
1 + -37 - (2 + -19 + 3 + -3)
-19
(-14 - -34) + -66 + 28 - (-10 - 0)
-8
What is -15 - (-1 + -6 + (5 - -8) - -9 - 151)?
121
What is -11 + -1 - (0 + -2) - ((-66 - 42) + 15)?
83
Evaluate -387 - -425 - (6 + 5 + 0).
27
What is -120 - (-34 - (16 + -46 - -34))?
-82
12 + -2 + 22 + (28 - 26) + -13
21
Evaluate 2 - (-10 + (-4 - 7 - (-39 + 35))).
19
Calculate -36 - -18 - 25 - -39.
-4
Calculate (18 - -12) + -322 + 226.
-66
Calculate -2995 + 2909 + -1 + 38.
-49
What is 27 + (-16 - -37 - 19) + 27?
56
What is (-21 + 2 - -5) + (11 - 6 - -3) + 23?
17
Evaluate 22 + -8 + -17 + 18 + 10 + -2.
23
What is -2 - (2 - (-10 + -1 + 0) - 61)?
46
(85 - 19) + -22 - (-2 + 172)
-126
Evaluate (6 - 23 - 12) + (-5 - (-19 - -3)) + 7.
-11
Evaluate (-4 - 2) + 25 + 31 + (5 - -18) + 15.
88
What is the value of 41 - 1 - (317 - 314) - (0 + -5)?
42
What is -1 + (28 - (21 - -34))?
-28
29 + -13 + 12 + -74 - -3
-43
What is (1813 - 1715) + -82 + 1?
17
Calculate -2 + -57 + -3 - (6415 - 6390).
-87
Evaluate 1 - (-40 + (1 - -1) - (17 + (-18 - -9))).
47
What is (18 - (-6 + 23)) + -1 + (72 - (3 + -5))?
74
Evaluate -9 - (9 - -3 - 14 - 6 - 53).
52
What is (-18 + (29 - 19) - (-16 - -2)) + (-39 - 5)?
-38
What is the value of 73 + -83 + (13 - (1 + 27))?
-25
What is the value of (-25 - -1 - (-74 - -34) - 0) + 21?
37
What is the value of (-6 - (48 - -12)) + (3 - (14 - -10))?
-87
0 + 0 + (7 - -1) + (-192 - (-226 + 19))
23
20 + -23 + -5 - (1 - -15)
-24
Calculate -225 + 119 + 119 + -90.
-77
Evaluate -20 - (-59 + -27 - -22) - ((5 - 2) + 9).
32
Calculate 346 + -367 + (-14 - -1) + -8.
-42
What is the value of (-2 - -5) + (635 - 621)?
17
What is 33 - 17 - 8 - (-4 + 6 + 9)?
-3
What is the value of (3 - 3 - -81) + (-20 - -43)?
104
Evaluate 35 + (-420 - -448) + -70 + 0.
-7
What is the value of (1 - 2 - 2) + (30 - 32) + 0 - -23?
18
What is ((25 - 1) + -207 + 203 - -4) + 3 + 0?
27
What is -139 - ((-41 - 175) + -32)?
109
What is (20 + -10 + 26 - 23) + -6 + 13?
20
Calculate (-6 - ((-89 - -76) + 2 + 2)) + 5.
8
What is 2 - (54 + -96) - 53?
-9
What is the value of (0 - 25) + (-8666 - -8608)?
-83
What is the value of 149 + (113 - 380) + 146?
28
What is 1 + -8 + 0 + 17 - (-65 + -8 + -2)?
85
Evaluate -27 + 10 + -6 + 14 - (9 + (0 - 2)).
-16
Calculate 78 - 38 - 75 - 58.
-93
Evaluate -9 + 15 - (1 + 63) - (-24 - (-40 + 21)).
-53
What is 32 + -27 + 77 + -75?
7
What is 1 - -1 - (-60 + 20 + 3)?
39
What is the value of (6 - 9) + 17 - (49 + -35) - 0 - 27?
-27
Evaluate -43 + 43 + (1 - (-2 - -4)) - (-61 + -4).
64
Calculate -97 + 94 - (9 - 18 - 33).
39
What is 307 + -297 - ((-2 - -4) + -2 - (-2 + 1))?
9
What is the value of 574 - 563 - (22 - (0 - 3))?
-14
Evaluate (10 + -16 - 9) + (11 - (19 - (3 - 8))).
-28
What is the value of (-57 - (-4 + 5)) + 0 + 14?
-44
What is (0 - 3 - 0) + (725 - 774)?
-52
Evaluate (-32 - -2) + 75 + -27 + -43.
-25
Evaluate (6 - -29) + -48 - -29 - (2 - 21).
35
What is (0 - 1) + 0 + 10 - (-285061 + 285175)?
-105
Evaluate 12 + (-8 - 2) - (48 - 0).
-46
-31 + 50 + (-56 - -77)
40
What is the value of 5 - (-10 - -8) - (-11 - -2) - -9?
25
-29 + (-31 - (-27 + -35)) + 128
130
What is the value of 0 - (17 + -13) - (-1 - 0) - (29 - 6)?
-26
What is the value of 28 + -6 + 11 + -17 + 6 + -2?
20
(17 - (-2 - -1)) + -10 + -38 + 21 + 29
20
Evaluate (36 + -3 - 7) + -6 + (7 - -6) + 5.
38
Evaluate -1 - -5 - (-28 + -4) - (-25 + 15 - -17).
29
Evaluate (58 - 82 - -9) + -18.
-33
Evaluate (-31 - 